{"id":25,"date":"2022-10-25T11:27:37","date_gmt":"2022-10-25T09:27:37","guid":{"rendered":"http:\/\/www.ves.pw.edu.pl\/?page_id=25"},"modified":"2023-04-03T14:41:07","modified_gmt":"2023-04-03T12:41:07","slug":"partnerzy","status":"publish","type":"page","link":"http:\/\/www.ves.pw.edu.pl\/?page_id=25","title":{"rendered":"Partnerzy i Patroni"},"content":{"rendered":"\n<p><strong>G\u0142\u00f3wnymi Partnerami projektu s\u0105:<\/strong><\/p>\n\n\n\n<p><a rel=\"noreferrer noopener\" href=\"https:\/\/pradma.pl\/\" target=\"_blank\">PRADMA Dariusz Naruszewicz<\/a><\/p>\n\n\n\n<p><a href=\"https:\/\/elektrometal-energetyka.pl\/\" target=\"_blank\" rel=\"noreferrer noopener\">Elektrometal Energetyka S.A.<\/a><\/p>\n\n\n\n<p><a href=\"https:\/\/www.ien.pw.edu.pl\/\" target=\"_blank\" rel=\"noreferrer noopener\">Instytut Elektroenergetyki Politechniki Warszawskiej<\/a><\/p>\n\n\n\n<p><strong>G\u0142\u00f3wnymi Patronami projektu s\u0105:<\/strong><\/p>\n\n\n\n<p><a href=\"https:\/\/mirmar.net\/\" target=\"_blank\" rel=\"noreferrer noopener\">Firma Mirmar s.c.<\/a><\/p>\n\n\n\n<p><a href=\"https:\/\/sep.com.pl\/\" target=\"_blank\" rel=\"noreferrer noopener\">Stowarzyszenie Elektryk\u00f3w Polskich <\/a><\/p>\n\n\n\n<p><a rel=\"noreferrer noopener\" href=\"http:\/\/www.o3energis.pl\/\" target=\"_blank\">Firma o3Energis<\/a><\/p>\n\n\n\n<p><a href=\"https:\/\/plbim.org\/\">Stowarzyszenie BIM. \u0141\u0105czymy biznesy.<\/a><\/p>\n\n\n\n<p><a href=\"http:\/\/ptetis.pl\/warszawa\/\">Polskie Towarzystwo Elektrotechniki Teoretycznej i Stosowanej<\/a><\/p>\n","protected":false},"excerpt":{"rendered":"<p>G\u0142\u00f3wnymi Partnerami projektu s\u0105: PRADMA Dariusz Naruszewicz Elektrometal Energetyka S.A. Instytut Elektroenergetyki Politechniki Warszawskiej G\u0142\u00f3wnymi Patronami projektu s\u0105: Firma Mirmar s.c. Stowarzyszenie Elektryk\u00f3w Polskich Firma o3Energis Stowarzyszenie BIM. \u0141\u0105czymy biznesy. Polskie Towarzystwo Elektrotechniki Teoretycznej i Stosowanej<\/p>\n","protected":false},"author":1,"featured_media":0,"parent":0,"menu_order":0,"comment_status":"closed","ping_status":"closed","template":"","meta":{"_monsterinsights_skip_tracking":false,"_monsterinsights_sitenote_active":false,"_monsterinsights_sitenote_note":"","_monsterinsights_sitenote_category":0,"footnotes":""},"class_list":["post-25","page","type-page","status-publish","hentry"],"_links":{"self":[{"href":"http:\/\/www.ves.pw.edu.pl\/index.php?rest_route=\/wp\/v2\/pages\/25","targetHints":{"allow":["GET"]}}],"collection":[{"href":"http:\/\/www.ves.pw.edu.pl\/index.php?rest_route=\/wp\/v2\/pages"}],"about":[{"href":"http:\/\/www.ves.pw.edu.pl\/index.php?rest_route=\/wp\/v2\/types\/page"}],"author":[{"embeddable":true,"href":"http:\/\/www.ves.pw.edu.pl\/index.php?rest_route=\/wp\/v2\/users\/1"}],"replies":[{"embeddable":true,"href":"http:\/\/www.ves.pw.edu.pl\/index.php?rest_route=%2Fwp%2Fv2%2Fcomments&post=25"}],"version-history":[{"count":5,"href":"http:\/\/www.ves.pw.edu.pl\/index.php?rest_route=\/wp\/v2\/pages\/25\/revisions"}],"predecessor-version":[{"id":84,"href":"http:\/\/www.ves.pw.edu.pl\/index.php?rest_route=\/wp\/v2\/pages\/25\/revisions\/84"}],"wp:attachment":[{"href":"http:\/\/www.ves.pw.edu.pl\/index.php?rest_route=%2Fwp%2Fv2%2Fmedia&parent=25"}],"curies":[{"name":"wp","href":"https:\/\/api.w.org\/{rel}","templated":true}]}}